18?
True
Let v be (-2)/((-4)/(-2))*0. Suppose v = 2*b + 23 - 83. Is 15 a factor of b?
True
Let w(c) = c**2 + 4*c + 4. Let t be w(-3). Let s = t + 10. Is s a multiple of 3?
False
Let s = -10 - -24. Suppose 0 = -3*p - s + 53. Does 13 divide p?
True
Let q = 32 - -2. Suppose u - 2*t + 7 = 41, -u - 3*t = -q. Is u a multiple of 8?
False
Let q = -34 + 41. Does 3 divide q?
False
Let f(b) = -6 + 2*b - 12*b - b. Let r(o) = -o**2 + 4. Let g be r(3). Is 19 a factor of f(g)?
False
Let j(z) = -z**2 + 11*z + 2. Does 5 divide j(5)?
False
Let m be 55*(-5)/(25/(-8)). Suppose c - 6 = m. Is c a multiple of 31?
False
Let b = 131 - 85. Is 18 a factor of b?
False
Suppose 4*m - 21 + 5 = 0. Suppose 0 = -m*w + 3*y + 14 + 17, -39 = -3*w - 3*y. Is 7 a factor of w?
False
Suppose 0 = -2*z + 3*z. Suppose z = 2*h - 0*h. Suppose h*t = 2*t + 3*q - 50, -t + q + 35 = 0. Is 14 a factor of t?
False
Let o be (-71)/(-6) - 2/(-12). Let p = o - 6. Does 2 divide p?
True
Let f be (-3 + (0 - -5))*1. Let r be f/6 - 16/12. Let k(u) = 5*u**2 + u. Is 4 a factor of k(r)?
True
Suppose -3*f - 8 = -t, 0*t - 47 = -4*t - 3*f. Let o = t + -9. Does 10 divide ((-40)/6)/(o/(-3))?
True
Suppose 0 = -n + 3 - 2. Let w be 598/(1 - n/(-1)). Does 9 divide w/11 - (-2)/(-11)?
True
Let h be (-6)/(-2 - (-21)/6). Let v(l) = l**2 + 4*l - 2. Let s be v(h). Let q(j) = -2*j - 2. Is q(s) a multiple of 2?
True
Let r(g) = g**3 + 6*g**2 - 3*g - 4. Let x = -5 + 8. Suppose x*u = -u - 20. Does 15 divide r(u)?
False
Let t(w) = -3*w**2 - 3*w + 2. Let j(c) = -3*c**2 - 3*c + 2. Let y(q) = -4*j(q) + 3*t(q). Is y(3) a multiple of 12?
False
Suppose 4*x - p - 7 - 13 = 0, -p - 10 = -2*x. Suppose 6*r = x*r + 9. Does 3 divide r?
True
Let p(a) = a**2 - 4*a - 2. Let b be p(5). Suppose b*v - 2*c - 96 - 12 = 0, v + 5*c = 53. Is v a multiple of 19?
True
Let x(t) = t - 4. Let h be x(4). Suppose -v + h*v = -1. Does 14 divide ((-112)/12)/(v/(-3))?
True
Let c be 1*(-2 - 1)/3. Let i be (-3)/c + 0 + -1. Suppose -4 - 32 = -i*k. Does 18 divide k?
True
Let z = 9 - 5. Suppose -5 = 4*c - 3*s, -5*s - 12 = z*c + 1. Let n(h) = -2*h**3 - h**2 - h - 2. Is n(c) a multiple of 12?
True
Suppose -2*c + 38 = -12. Is 5 a factor of c?
True
Let a(t) = -1 + 6 - 12*t + 3. Let u be a(-6). Suppose 2*x = -2*x + u. Does 20 divide x?
True
Suppose 3*c + 9 = -3*a, 10 = 4*a - 2*c - 8. Let b(g) = 3*g - 2 + 7*g + 6*g. Does 12 divide b(a)?
False
Suppose 5*y = -2*f + 13, 3*y + f - 5 = 2*y. Let n(h) = 45*h**2 - 3*h + 2. Is n(y) a multiple of 10?
False
Suppose 3*p + 6 = -9. Let i = -3 - p. Suppose i*g - 44 = -0*g. Is g a multiple of 11?
True
Let z(j) be the second derivative of -j**3/6 - j**2 - 2*j. Suppose -4*t = -2*t + 10. Is z(t) a multiple of 2?
False
Suppose -3*z - 4*c = -0*c - 19, 3*z = 2*c - 5. Does 20 divide (-8)/(-12)*60/z?
True
Suppose 0 = 5*v - 5*p - 240, 2*v + 2*p - 154 = -58. Let o = -28 + v. Is 9 a factor of o?
False
Let h be 2/(-2*(-3)/(-303)). Let j = -69 - h. Does 10 divide j?
False
Suppose -3*b - 31 = i - 6*i, -b = 3*i - 27. Suppose w - v - 12 = 3*v, -2*w = -v - 3. Suppose -f = -w - i. Is 4 a factor of f?
True
Is 30 a factor of 210 + (12 - 9 - (0 - -2))?
False
Let b(y) = y**3 + 11*y**2 + 16*y - 16. Does 16 divide b(-8)?
True
Let b(i) = i**3 + 4*i**2 - 5*i - 1. Let s be b(-5). Let n = 1 + s. Suppose 2*x - 2 - 44 = n. Is 14 a factor of x?
False
Let f(s) = -2*s - 9. Let a(h) = -1. Let c(k) = 4*a(k) - f(k). Does 7 divide c(6)?
False
Let b = 2 - 3. Let m = b + 1. Suppose k - 4*g + 16 = m, -5*k + 2*g = -2*g. Is k even?
True
Suppose 1 = -h + 7. Let a = -2 + h. Suppose -2*d = k - 4 - 8, -3*d = a*k - 38. Is 8 a factor of k?
True
Let m(u) = -u**3 + 6*u**2 + 9*u + 5. Let v be m(7). Let k = v + -1. Does 10 divide k?
False
Suppose 2*l - 1 - 11 = 2*t, 0 = -l - 5*t - 6. Suppose 1162 = -8*r + 3*r - 2*x, 0 = -l*x + 16. Is 11 a factor of 1/(-4) + r/(-8)?
False
Suppose z = 49 + 20. Suppose -4*t + z = 1. Is t a multiple of 16?
False
Let h(w) = -5*w**2 - w + 10. Let g(b) = -6*b**2 - b + 11. Let k(d) = -6*g(d) + 7*h(d). Let x be k(0). Let j = x - -3. Does 3 divide j?
False
Let c = 4 + -3. Suppose -3*r + c = -11. Suppose -r*j + 45 = 3*l, -2*l = -5*j - 0*l + 39. Does 9 divide j?
True
Let i(l) = 2*l**2 + 6*l + 12. Is 8 a factor of i(-5)?
True
Let j = -12 - -18. Is 10 a factor of (-4)/j + 186/9?
True
Let d(b) = -b**2 + 1. Let f be d(-1). Suppose f = -3*c - 0*c + 54. Does 10 divide c?
False
Let z = 727 + -412. Suppose z = -13*v + 18*v. Is v a multiple of 11?
False
Suppose -4*r + 7 + 5 = 0. Suppose r*k - k - 36 = 0. Suppose -48 = -c - k. Does 13 divide c?
False
Is (-6 + 3)*22*-1 a multiple of 20?
False
Is 28/(-126) + 101/9 even?
False
Suppose p - 6 = -3*l, 0 = 2*l - p + 3*p. Suppose -2*b + 12 = 2*b. Suppose 0*m - 2 = l*m + 5*i, -b*m = -4*i - 34. Does 4 divide m?
False
Suppose 0 = -2*o - 2*o + 228. Suppose o = 4*j + 9. Is j a multiple of 12?
True
Let m be ((-2)/4)/((-1)/18). Let u be (52/(-6))/(3/m). Let b = 6 - u. Is 14 a factor of b?
False
Let h be (-1 - 0)/((-2)/4). Suppose h*m - 3*a + 8*a = 83, -5*a = 3*m - 117. Suppose 3*i - 25 = i - z, -m = -3*i - 5*z. Is 10 a factor of i?
False
Suppose -3*n + 38 = j, -7*j + 42 = 2*n - 3*j. Is n a multiple of 11?
True
Let p(d) be the second derivative of d**5/20 - 5*d**4/12 + d**3/3 - d**2 + 4*d. Let n be p(3). Let y = -9 - n. Does 5 divide y?
True
Let p(o) = 2*o**2 - 30*o - 9. Is p(17) a multiple of 22?
False
Let f(k) = -3*k - 2. Let s(j) = 6*j + 5. Let v be 1*21/(-12)*-4. Let d(x) = v*f(x) + 3*s(x). Is d(-6) a multiple of 8?
False
Suppose -7*v - 111 + 426 = 0. Does 9 divide v?
True
Suppose 0 = -2*u - 2 - 8. Is 0/(-4) - (0 + u) even?
False
Suppose 3 = -3*y - 3. Is (y - 26)*2/(-4) a multiple of 7?
True
Let g = 4 - 11. Let c = 2 - g. Is c a multiple of 9?
True
Let c(r) = r**2 - 3*r + 4. Let j be c(3). Suppose 27 = j*o - 49. Is 17 a factor of o?
False
Suppose 4*x - 14 - 6 = 0. Suppose 0*u = x*u - 40. Suppose u*j = 3*j + 60. Is j a multiple of 6?
True
Let y be ((-2)/((-4)/(-2)))/1. Is 7 a factor of -3 + (24 - (y + 1))?
True
Let c = 45 - 27. Does 2 divide c?
True
Suppose 2*s + 5*o = 200 + 80, 12 = 3*o. Is 40 a factor of s?
False
Suppose 0*y + 3*y = 0. Suppose y = -0*d - 3*d + 27. Is d a multiple of 3?
True
Let p(h) = 2*h**2 - 5*h. Suppose -f + 13 = -2*l, -2*f = -l + 2*f - 17. Does 25 divide p(l)?
True
Suppose 6*c - 273 = 3*c. Is 33 a factor of c?
False
Is 16 a factor of (-143)/(-3) - 1/(-3)?
True
Let w(j) = 2*j**2 + 13*j + 1. Let d be w(-10). Let k(r) = -r**3 - 4*r**2 - 2*r - 3. Let p be k(-5). Let y = d - p. Is 15 a factor of y?
False
Suppose 0*r = 3*n + 5*r - 139, 5*r + 101 = 2*n. Let c = 16 - n. Let l = -14 - c. Does 9 divide l?
True
Let r = 26 + -5. Does 10 divide -1 - r*(-3)/3?
True
Does 8 divide (-210)/(-4) + 13/26?
False
Suppose -n - n = 4*t - 40, 3*n + 3*t - 60 = 0. Is 2 a factor of n?
True
Let t(k) = k**3 - 4*k**2 + 3*k + 2. Let o be t(3). Suppose -3*g - j + 45 = -4*j, 2*g = -o*j + 18. Is g even?
True
Does 12 divide 134/2 + 10/2?
True
Let i(q) = -5*q - 23. Does 37 divide i(-12)?
True
Let y(s) = -s**3 - 10*s**2 + 5*s - 48. Is y(-11) a multiple of 2?
True
Let h(w) = -w**3 - 4*w**2 + 5*w - 4. Does 12 divide h(-6)?
False
Let y(p) be the third derivative of -p**6/120 - p**5/15 + 5*p**4/12 + 5*p**3/6 - 7*p**2. Does 6 divide y(-6)?
False
Let q = -13 - -4. Does 7 divide (-2)/(-9) - 124/q?
True
Suppose 0*p + 5*p + 54 = m, -69 = -2*m - 3*p. Suppose 3*j = 5*r + m, -j - 3*r = -5*j + 52. Does 11 divide j?
False
Let l(f) = -2*f**3 - f**2 + 3*f - 3. Let s be l(-4). Suppose 0 = -2*y + 5*u - 0*u + 73, -s = -2*y - 3*u. Does 17 divide y?
False
Let c = -10 + 322. Does 12 divide c?
True
Let z(n) = 2*n**3 + 2*n**2 + n + 1. Let w be z(-2). Is ((-12)/w)/((-2)/(-90)) a multiple of 22?
False
Let w(b) = b**3 - 6*b**2 - 5*b - 10. Suppose 2*j = 4*j - 14. Let c be w(j). Suppose 0 = -4*y - 2*k + 4, -y - 4*y + c*k = -31. Is y a multiple of 3?
True
Suppose -10*p = -p - 90. Is 10 a factor of p?
True
Suppose -d - 143 = -5*o, 5*o + d - 137 = 5*d. Is 5 a factor of (-1 - o)/(-1 + -1)?
True
Suppose 420 = 4*k + 2*k. Is k a multiple of 14?
True
Let c = -8 + -3. Is 26 a factor of (2 - c)/((-3)/(-12))?
True
Suppose u - 256 = -28. Is 38 a factor of u?
True
Let y(i) = i**3 + 7*i**2 - 3*i + 4. Let z(d) = -d**3 + 3*d**2 - d - 4. Let j be z(3). Is y(j) a multiple of 15?
False
Let j(w) be 